 = 2472 - 580. What is the greatest common divisor of l and 688?
172
Suppose 5*q - 64 = 2*y - 202, 0 = -5*y - 5*q + 450. Calculate the highest common factor of 308 and y.
28
Let y(s) = 667*s + 10740. Let p be y(-16). Suppose t + 4*j + 488 = 3*t, -235 = -t - j. What is the greatest common factor of p and t?
34
Let y be ((1407/30)/7 + 24/80)/1. Calculate the greatest common divisor of 5649 and y.
7
Suppose 6*p - 2*p = c - 97, -2*p = c + 41. Let k(d) = -3*d - 39. Let m be k(p). Calculate the greatest common divisor of m and 120.
30
Let y = 196 - 193. Suppose 0 = -y*j + 8*j - 10, -4*q - 4*j + 1224 = 0. Calculate the greatest common factor of q and 38.
38
Let o be 2/(-3)*15/(-2). Suppose l - 93 = -4*m, l + m - o*m = 69. Let v = -697 - -724. Calculate the greatest common factor of l and v.
27
Let q be ((-1)/(-6)*-2)/(1/(-144)). Let v be (84/5)/((-5)/(-150)). Calculate the greatest common divisor of q and v.
24
Suppose -537907 = -48*m - 217171. Calculate the greatest common divisor of 52 and m.
26
Suppose -44*k + 1 = -43*k. Let m = -174 + 166. Let l be (m - -71)*1/k. Calculate the highest common factor of 27 and l.
9
Let x = 565 + -246. Let r be 25 + ((-78)/26 - 11). What is the highest common factor of x and r?
11
Let y be (-1464)/(-7) + 2*3/(-42). Suppose -20*i + 26*i = 114. What is the greatest common factor of i and y?
19
Suppose -5 - 142 = -3*q. Let r(v) = v**3 + 16*v**2 - 3*v + 11. Let b be r(-16). Let u = q + b. What is the greatest common divisor of 36 and u?
36
Let m be 2334/54 + (-42)/27 + (-8)/(-6). Suppose -53 = -3*g - 3*k + 319, 5*k - 233 = -2*g. Calculate the highest common factor of g and m.
43
Let f(n) = -n**3 + 63*n**2 + 200*n - 102. Let r be f(66). Calculate the greatest common factor of r and 3495.
15
Let t(z) = -3*z - 11. Let g be t(-25). Let p be (31 - 0) + g/(-64). Calculate the highest common divisor of p and 135.
15
Suppose 1511 = -72*k + 77*k - 3*g, 0 = -5*k + 4*g + 1508. Calculate the greatest common factor of 112 and k.
16
Suppose -2*b = 3*b - 10. Let m be ((-228)/(-135) - (-3)/15) + (-2)/(-18). Calculate the highest common factor of m and b.
2
Let d = -399 - -403. Suppose 3*m + d - 991 = 0. What is the highest common divisor of m and 47?
47
Let x = -38 - -38. Suppose 2*v = -2*g + 16, x*v - 11 = -2*v - g. Let p(b) = -b**2 + 7*b - 3. Let y be p(v). What is the greatest common factor of y and 3?
3
Let t(h) = -h**3 + 11*h**2 - 28*h + 58. Let p be t(7). What is the highest common divisor of p and 14?
2
Suppose 5*a - 7*l = -4*l - 3487, 0 = -5*a + 4*l - 3491. Let b = -688 - a. What is the highest common factor of b and 28?
7
Suppose -2*g + 35 = 5*i, 5*i - 2*i + 27 = 2*g. Let x(t) = -11*t - 7 - 2*t + 3*t**2 - g. Let j be x(9). What is the highest common divisor of 13 and j?
13
Suppose -2*f - 4 = -12. Suppose f*b - 37 + 9 = 0. Suppose 630 = b*w - 5*w. Calculate the greatest common divisor of w and 35.
35
Let m = 144 + -143. Let r = -94 + 35. Let n = 75 + r. Calculate the highest common factor of m and n.
1
Let b be (5 - 25/5)/3 + 0. Suppose -t - r + 275 = b, 0 = t + 3*r + 3 - 288. Calculate the highest common divisor of t and 108.
54
Suppose 22*b - 13314 + 2424 = 0. Calculate the greatest common factor of b and 915.
15
Suppose 0*b + 68 = 34*b. Suppose s + b*f - 8 = 15, -3*f = -5*s + 115. What is the highest common factor of 621 and s?
23
Suppose 6*j - 3*s = j + 1458, 0 = 5*j + 2*s - 1478. Suppose 0 = -412*o + 426*o - j. Calculate the highest common factor of o and 651.
21
Suppose -2*s + 5*c + 305 + 273 = 0, 4 = -c. Suppose s = 5*x + 54. Calculate the greatest common divisor of x and 25.
5
Let m(a) be the first derivative of -a**4/4 - a**3/3 + 12*a + 79. Suppose -2*i + i = 0. Let s be m(i). Calculate the greatest common factor of 4 and s.
4
Let j be (-5)/3*252/(-210). Suppose -418 = -b + 5*n + 23, -2*b = -j*n - 842. What is the highest common factor of 26 and b?
26
Suppose 10*v - 24*v - 45*v = -28910. Let s be 1/3 + 615/45. What is the highest common factor of v and s?
14
Let o(n) = -16*n**3 - 2*n**2 + n + 1. Let w be o(1). Let t be (5/2*w/(-20))/2. Let s = 13 + t. Calculate the greatest common divisor of 21 and s.
7
Let o(d) = 38*d**2 - 207*d + 1134. Let r be o(6). What is the highest common divisor of 140 and r?
140
Let w be (4 + 0 + 158/4)*-2. Let k = 100 + w. Let n = -11 + k. What is the greatest common factor of n and 2?
2
Let j(k) = 17*k - 51. Let i be 90/8 - 29/116. Let b be j(i). What is the highest common factor of b and 238?
34
Suppose 5*w + 2*c = 750, 8*w = 4*w + c + 587. Let o = -103 + w. What is the greatest common divisor of o and 315?
45
Let x(h) = 8*h**2 + h - 1. Let z be x(1). Let k(g) = -g - 608. Let y be k(0). Let q be y/190*(-2 + (-102)/4). Calculate the highest common divisor of z and q.
8
Suppose -1728 = -4*g - 20*g. Suppose 8 = -4*d, 0 = 4*w - 3*w - 2*d - 12. What is the highest common factor of w and g?
8
Suppose f - 3*f = 4*c - 1452, -2156 = -3*f + 5*c. Let k be 109 - 78 - (-11 + (6 - 2)). Calculate the highest common divisor of f and k.
38
Let z = -127 - -827. Let c be z*70/14*2/25. Calculate the highest common divisor of c and 40.
40
Let c be -5 - 1180/6 - 6/(-9). Let f = -172 - c. What is the greatest common factor of 29 and f?
29
Suppose -2*s = 4*p - 2128, 137*p + s - 2132 = 133*p. Calculate the highest common divisor of p and 270.
6
Suppose -30*a + 26*a - 2162 = -3*b, -4*a - 14232 = -20*b. Suppose 2*h - 48 = -5*j, 0 = -3*j - 0*h - 2*h + 28. Calculate the greatest common divisor of b and j.
10
Suppose 5*a + 1406 = 79*a. Suppose -416 = -a*x - 7*x. Calculate the highest common factor of x and 88.
8
Let w = -1332 + 4518. What is the highest common factor of w and 486?
54
Suppose -l + 4*j + 42 = 0, -4*l - j - 24 = -141. Let q(u) = u - 26. Let z be q(l). What is the greatest common factor of z and 6?
2
Let k be (228/190)/(6/640). Suppose -b - 72 = -2*b. Calculate the highest common divisor of b and k.
8
Suppose 426 = 2*d - 1008. Suppose d = 5*l - 183. Suppose -16*k + 14*k = -30. Calculate the highest common divisor of k and l.
15
Suppose -51 = 7*l - 10*l. Let p = 11 + l. Let x = 1 + p. What is the greatest common factor of 58 and x?
29
Let i be 0/(-1) - (-61 + 58). Let z be (-7)/i*(-1416)/59. What is the greatest common factor of 35 and z?
7
Suppose -20*q = 15 - 1315. Suppose -q = -31*s + 26*s. Calculate the highest common divisor of s and 312.
13
Let f(o) = -205*o - 5613. Let d be f(-51). Calculate the greatest common factor of d and 18.
18
Suppose -5940*c + 5960*c - 1000 = 0. Let i be (402 - 0) + (-4 - -2). Calculate the greatest common factor of c and i.
50
Let y be (8 + -836)/(0 - 2). Let o = y + -400. Calculate the greatest common factor of o and 490.
14
Let v = -1 + 5. Let g be (3 + -6)/15 - (-98)/(-10). Let d be -3 - (g - (0 + 1)). What is the highest common divisor of d and v?
4
Let a(o) = 8*o**2 + 26*o + 229. Let k be a(-26). What is the highest common divisor of k and 242?
121
Let q = 3264 - 3173. Calculate the highest common divisor of q and 3731.
91
Suppose 45 = -6*f + 3*f. Suppose 4*v + 46 = 2*b, -v + b = 4 + 5. Let m be (v + -1)*5/f. What is the highest common divisor of 45 and m?
5
Let l(s) = -12*s**3 + 6*s**2 + 9*s + 3. Let f be l(-3). What is the greatest common factor of 12 and f?
6
Let i(y) be the first derivative of -4*y**2 + 20*y - 1. Let q be i(-9). Suppose 3*a = 74 - 5. Calculate the greatest common divisor of a and q.
23
Suppose 0 = 8*n - 3*n - 2960. Let x be ((-5)/(-3))/((7000/(-3885))/(-40)*1). What is the highest common factor of n and x?
37
Suppose 0 = -5*h + 4*b + 607, 31*h - 34*h + 354 = b. Let r(l) = -5*l + 61. Let o be r(8). Calculate the greatest common factor of o and h.
7
Let z(d) = 61*d**2 + 113*d + 566. Let i be z(-19). What is the highest common divisor of 280 and i?
280
Suppose 0 = -140*n + 145*n + 15, -5*z + 3*n = -2409. What is the highest common factor of 6 and z?
6
Suppose 24*j - 122*j + 445214 = 0. Calculate the highest common divisor of j and 7.
7
Suppose -3*g - 2*d = 3*d + 76, d = 2*g + 29. Let p = -7 - g. Suppose 99 = p*c - c. What is the greatest common factor of 77 and c?
11
Suppose 10 = 2*j - 20. Suppose 1797*r + 4785 = 1808*r. What is the highest common divisor of j and r?
15
Let r(d) be the first derivative of 10*d**2 + 83*d + 184. Let v be r(-4). Let k